{"id":147,"date":"2022-06-21T16:01:58","date_gmt":"2022-06-21T14:01:58","guid":{"rendered":"https:\/\/cnr-prod-wa-louloute.azurewebsites.net\/?page_id=147"},"modified":"2022-06-21T16:07:20","modified_gmt":"2022-06-21T14:07:20","slug":"mentions-legales","status":"publish","type":"page","link":"https:\/\/cnr.etcompagnie-le-lab.fr\/index.php\/mentions-legales\/","title":{"rendered":"Mentions l\u00e9gales"},"content":{"rendered":"<div class=\"wpb-content-wrapper\"><p>[vc_row css_animation=\u00a0\u00bb\u00a0\u00bb row_type=\u00a0\u00bbrow\u00a0\u00bb use_row_as_full_screen_section=\u00a0\u00bbno\u00a0\u00bb type=\u00a0\u00bbgrid\u00a0\u00bb angled_section=\u00a0\u00bbno\u00a0\u00bb text_align=\u00a0\u00bbcenter\u00a0\u00bb background_image_as_pattern=\u00a0\u00bbwithout_pattern\u00a0\u00bb z_index=\u00a0\u00bb\u00a0\u00bb css=\u00a0\u00bb.vc_custom_1516977299669{padding-top: 175px !important;padding-bottom: 50px !important;}\u00a0\u00bb][vc_column][qode_elements_holder number_of_columns=\u00a0\u00bbone_column\u00a0\u00bb][qode_elements_holder_item vertical_alignment=\u00a0\u00bbmiddle\u00a0\u00bb horizontal_alignment=\u00a0\u00bbleft\u00a0\u00bb advanced_animations=\u00a0\u00bbno\u00a0\u00bb item_padding=\u00a0\u00bb0px 2%\u00a0\u00bb item_padding_1280_1440=\u00a0\u00bb0px 27%\u00a0\u00bb item_padding_1024_1280=\u00a0\u00bb0px 27%\u00a0\u00bb item_padding_768_1024=\u00a0\u00bb0px 24%\u00a0\u00bb item_padding_600_768=\u00a0\u00bb0px 11%\u00a0\u00bb item_padding_480_600=\u00a0\u00bb0px\u00a0\u00bb item_padding_480=\u00a0\u00bb0px\u00a0\u00bb][vc_column_text]<\/p>\n<h1 style=\"text-align: center;\">Mentions l\u00e9gales<\/h1>\n<p>[\/vc_column_text][vc_empty_space height=\u00a0\u00bb26px\u00a0\u00bb][vc_column_text]Bienvenue sur le site web <a href=\"https:\/\/cnr.etcompagnie-le-lab.fr\/\">cnr-louloutelaloutre.fr<\/a> (ci-apr\u00e8s d\u00e9sign\u00e9 le Site). En utilisant ce Site, vous reconnaissez avoir pris connaissance de la pr\u00e9sente notice l\u00e9gale et vous vous engagez \u00e0 la respecter. Cette notice l\u00e9gale a notamment pour objet de vous informer de l&rsquo;existence de droits de propri\u00e9t\u00e9 intellectuelle devant \u00eatre respect\u00e9s, ainsi que des modalit\u00e9s de collecte et de traitement des informations vous concernant dans le cadre de la mise en \u0153uvre du Site. Le contenu de la pr\u00e9sente notice peut \u00eatre amen\u00e9 \u00e0 changer ; nous vous invitons par cons\u00e9quent \u00e0 la consulter tr\u00e8s r\u00e9guli\u00e8rement.<\/p>\n<p>&nbsp;<\/p>\n<p>&nbsp;<\/p>\n<h2>INFORMATIONS D&rsquo;ORDRE L\u00c9GAL<\/h2>\n<p>&nbsp;<\/p>\n<p>Le pr\u00e9sent site est la propri\u00e9t\u00e9 de la Compagnie Nationale du Rh\u00f4ne, soci\u00e9t\u00e9 anonyme d\u2019int\u00e9r\u00eat g\u00e9n\u00e9ral au capital de 5\u00a0488 164 \u20ac, immatricul\u00e9e au Registre du Commerce et des Soci\u00e9t\u00e9s de Lyon, sous le num\u00e9ro 957\u00a0520\u00a0901 dont le si\u00e8ge est situ\u00e9 4 rue Andr\u00e9 Bonin 69004 Lyon \u2013 France.<\/p>\n<p>&nbsp;<\/p>\n<p>N\u00b0 de TVA intracommunautaire : FR 59 957520901<\/p>\n<p>&nbsp;<\/p>\n<p>Le directeur de la publication du Site est Sylvain Colas.<\/p>\n<p>&nbsp;<\/p>\n<p>L\u2019\u00e9dition du site est assur\u00e9e par Etcompagnie dont le si\u00e8ge est situ\u00e9 24 Avenue Joann\u00e8s Masset \u2013 69009 LYON \u2013 France. <a href=\"https:\/\/www.etcompagnie.fr\/\">https:\/\/www.etcompagnie.fr\/<\/a><\/p>\n<p>&nbsp;<\/p>\n<p>L&rsquo;h\u00e9bergement est assur\u00e9 par CNR dont le si\u00e8ge est situ\u00e9 2 rue Andr\u00e9 Bonin \u2013 69004 Lyon \u2013 France.<\/p>\n<p>&nbsp;<\/p>\n<p>Pour nous contacter, rendez-vous sur la page des contacts en\u00a0<a href=\"https:\/\/www.cnr.tm.fr\/contact\/\">cliquant ici<\/a><\/p>\n<p>&nbsp;<\/p>\n<h2>INFORMATIONS D&rsquo;ORDRE TECHNIQUE<\/h2>\n<p>&nbsp;<\/p>\n<p>En tant qu&rsquo;utilisateur du Site vous reconnaissez disposer de la comp\u00e9tence et des moyens n\u00e9cessaires pour acc\u00e9der et utiliser ce Site. Vous reconnaissez avoir v\u00e9rifi\u00e9 que la configuration informatique utilis\u00e9e du Site ne contient aucun virus et qu&rsquo;elle est en parfait \u00e9tat de fonctionnement. Vous reconnaissez avoir \u00e9t\u00e9 inform\u00e9 que le Site est accessible 24h\/24h et 7 jours\/7 jours, \u00e0 exception des cas de force majeure, difficult\u00e9s informatiques, difficult\u00e9s li\u00e9es \u00e0 la structure des r\u00e9seaux de t\u00e9l\u00e9communications ou autres difficult\u00e9s techniques. Pour des raisons de maintenance, CNR pourra interrompre son Site. Elle s&rsquo;efforcera d&rsquo;en avertir pr\u00e9alablement les utilisateurs.<\/p>\n<p>&nbsp;<\/p>\n<h2>MISE EN GARDE<\/h2>\n<p>&nbsp;<\/p>\n<p>Il est difficile de garantir \u00e0 100 % la s\u00e9curit\u00e9 des donn\u00e9es transmises sur Internet. Bien que CNR mette tout en \u0153uvre pour prot\u00e9ger les informations en ligne sur le Site ou transmises par le biais du Site \u00e0 CNR, elle ne peut assurer ni garantir que ces informations sont totalement s\u00e9curis\u00e9es.<\/p>\n<p>&nbsp;<\/p>\n<h2>LE CONTENU DU SITE<\/h2>\n<p>&nbsp;<\/p>\n<p>Les informations fournies le sont \u00e0 titre indicatif. L&rsquo;exactitude, l&rsquo;exhaustivit\u00e9, l&rsquo;actualit\u00e9 des informations diffus\u00e9es sur son Site ne sauraient \u00eatre garanties. En cons\u00e9quence, vous reconnaissez utiliser ces informations sous votre responsabilit\u00e9 exclusive. Tout est mis en \u0153uvre pour vous offrir des informations et\/ou outils disponibles et v\u00e9rifi\u00e9s, mais CNR ne saurait \u00eatre tenue pour responsable des erreurs, d&rsquo;une absence de disponibilit\u00e9 des informations et\/ou de la pr\u00e9sence de virus sur son Site.<\/p>\n<p>&nbsp;<\/p>\n<h2>POLITIQUE DE PROTECTION DES DONN\u00c9ES PERSONNELLES<\/h2>\n<p>&nbsp;<\/p>\n<p>Le traitement des donn\u00e9es \u00e0 caract\u00e8re personnel collect\u00e9es sur le site Internet <a href=\"https:\/\/cnr.etcompagnie-le-lab.fr\/\">cnr-louloutelaloutre.fr<\/a>\u00a0est mis en \u0153uvre par la soci\u00e9t\u00e9 CNR, soci\u00e9t\u00e9 anonyme au capital de 5\u00a0488 164 euros, immatricul\u00e9e au Registre du Commerce et des Soci\u00e9t\u00e9s de Lyon, sous le num\u00e9ro 957\u00a0520\u00a0901 dont le si\u00e8ge est situ\u00e9 4 rue Andr\u00e9 Bonin 69004 Lyon \u2013 France.<\/p>\n<p>&nbsp;<\/p>\n<p>Conform\u00e9ment \u00e0 la Loi \u00ab\u00a0Informatique et Libert\u00e9s\u00a0\u00bb modifi\u00e9e, la collecte et le traitement de vos donn\u00e9es \u00e0 caract\u00e8re personnel par CNR sont n\u00e9cessaires pour le traitement des demandes de renseignements grand public. La base l\u00e9gale du traitement est l\u2019int\u00e9r\u00eat l\u00e9gitime (cf. article 6.1.f du R\u00e8glement europ\u00e9en sur la protection des donn\u00e9es). Les donn\u00e9es trait\u00e9es sont\u00a0: nom, pr\u00e9nom, adresse mail. CNR est \u00e9galement susceptible d\u2019utiliser les donn\u00e9es de navigation collect\u00e9es sur son site internet et de les associer avec d\u2019autres donn\u00e9es.<\/p>\n<p>Les destinataires de ces donn\u00e9es personnelles, sont, dans le strict cadre des finalit\u00e9s \u00e9nonc\u00e9es ci-dessus\u00a0: les personnels d\u00fbment habilit\u00e9s de CNR, leurs prestataires, partenaires et sous-traitants, dans le cas pr\u00e9sent\u00a0: Etcompagnie.<\/p>\n<p>Les donn\u00e9es trait\u00e9es sont conserv\u00e9es uniquement pendant la dur\u00e9e n\u00e9cessaire \u00e0 la r\u00e9alisation des finalit\u00e9s d\u00e9crites ci-dessus, dans la limite des d\u00e9lais de prescription en vigueur. Les donn\u00e9es sont conserv\u00e9es pendant un d\u00e9lai maximum de cinq (5) ans \u00e0 compter de leur collecte ou du dernier contact \u00e9manant de l\u2019individu.<\/p>\n<p>&nbsp;<\/p>\n<p>\u00c0 tout moment, l\u2019utilisateur du site Internet\u00a0<a href=\"https:\/\/cnr.etcompagnie-le-lab.fr\/\">cnr-louloutelaloutre.fr<\/a>\u00a0a la possibilit\u00e9 de s\u2019opposer au d\u00e9p\u00f4t de cookies sur son terminal et en d\u00e9sactivant les cookies \u00e9ventuellement d\u00e9j\u00e0 d\u00e9pos\u00e9s.<\/p>\n<p>&nbsp;<\/p>\n<p>Vous disposez d\u2019un droit d\u2019acc\u00e8s, de rectification et d\u2019effacement de vos donn\u00e9es personnelles. Lorsqu\u2019un consentement est n\u00e9cessaire au traitement, vous disposez du droit de le retirer. Sous certaines conditions r\u00e8glementaires, vous disposez du droit de demander la limitation du traitement ou de vous y opposer. Vous pouvez exercer ces diff\u00e9rents droits en contactant directement le service D\u00e9l\u00e9gu\u00e9 \u00e0 la Protection des Donn\u00e9es (DPD) par courrier en \u00e9crivant \u00e0 l\u2019adresse\u00a0suivante :<\/p>\n<p>&nbsp;<\/p>\n<p>CNR<\/p>\n<p>D\u00e9l\u00e9gu\u00e9 \u00e0 la Protection des donn\u00e9es, DJEA<\/p>\n<p>2 rue Andr\u00e9 Bonin<\/p>\n<p>69316 Lyon Cedex 04<\/p>\n<p><a href=\"https:\/\/www.cnr.tm.fr\/contact\/\">Envoyer un mail<\/a><\/p>\n<p>&nbsp;<\/p>\n<p>Si vous choisissez de faire valoir vos droits via courrier, vous devez justifier de votre identit\u00e9 en joignant une copie de votre Carte Nationale d&rsquo;Identit\u00e9.<\/p>\n<p>&nbsp;<\/p>\n<p>Vous pouvez \u00e9galement demander la portabilit\u00e9 des donn\u00e9es que vous avez transmises lorsqu\u2019elles \u00e9taient n\u00e9cessaires au contrat ou lorsque votre consentement \u00e9tait requis.<\/p>\n<p>&nbsp;<\/p>\n<p>Vous disposez \u00e9galement du droit de pr\u00e9voir des directives relatives au sort de vos donn\u00e9es \u00e0 caract\u00e8re personnel apr\u00e8s votre d\u00e9c\u00e8s.<\/p>\n<p>&nbsp;<\/p>\n<p>Les r\u00e9clamations touchant \u00e0 la collecte ou au traitement de vos donn\u00e9es \u00e0 caract\u00e8re personnel pourront \u00eatre adress\u00e9es au service du D\u00e9l\u00e9gu\u00e9 \u00e0 la Protection des Donn\u00e9es (DPD), dont les coordonn\u00e9es ont \u00e9t\u00e9 pr\u00e9cis\u00e9es ci-dessus. En cas de d\u00e9saccord persistant concernant vos donn\u00e9es, vous avez le droit de saisir la CNIL (autorit\u00e9 de contr\u00f4le concern\u00e9e) \u00e0 l\u2019adresse suivante\u00a0:<\/p>\n<p>&nbsp;<\/p>\n<p>Commission Nationale Informatique et Libert\u00e9s<\/p>\n<p>3 place de Fontenoy<\/p>\n<p>75007 Paris<\/p>\n<p><a href=\"https:\/\/www.cnil.fr\/fr\/vous-souhaitez-contacter-la-cnil\">https:\/\/www.cnil.fr\/fr\/vous-souhaitez-contacter-la-cnil<\/a><\/p>\n<p>01 53 73 22 22<\/p>\n<p>&nbsp;<\/p>\n<h2>POLITIQUE D&rsquo;UTILISATION DES COOKIES<\/h2>\n<p>&nbsp;<\/p>\n<p>Lors de la consultation du Site CNR, des cookies sont d\u00e9pos\u00e9s sur votre ordinateur, votre mobile ou votre tablette. Notre Site est con\u00e7u pour \u00eatre attentif aux besoins et attentes des utilisateurs. C&rsquo;est notamment pour cela que nous faisons usage de cookies afin par r\u00e9aliser des statistiques. Pour aller plus loin, d\u00e9couvrez notre\u00a0politique d&rsquo;utilisation des cookies.<\/p>\n<p>&nbsp;<\/p>\n<p>&nbsp;<\/p>\n<h1>VOS OBLIGATIONS EN TANT QU&rsquo;UTILISATEUR<\/h1>\n<p>&nbsp;<\/p>\n<h2><\/h2>\n<h2>RESPECT D&rsquo;AUTRUI<\/h2>\n<p>&nbsp;<\/p>\n<p>En tant qu&rsquo;utilisateur du site web <a href=\"https:\/\/cnr.etcompagnie-le-lab.fr\/\">cnr-louloutelaloutre.fr<\/a> vous \u00eates tenus de respecter les l\u00e9gislations applicables, et notamment les dispositions de la loi relative \u00e0 l&rsquo;informatique, aux fichiers et aux libert\u00e9s, dont la violation est passible de sanctions p\u00e9nales. Vous devez notamment vous abstenir de toute collecte, de toute utilisation d\u00e9tourn\u00e9e, notamment des informations nominatives auxquelles vous acc\u00e9dez, et d&rsquo;une mani\u00e8re g\u00e9n\u00e9rale, de tout acte susceptible de porter atteinte \u00e0 la vie priv\u00e9e, \u00e0 l&rsquo;honneur, \u00e0 la sensibilit\u00e9, \u00e0 l&rsquo;image de marque, \u00e0 la notori\u00e9t\u00e9 de toute personne, physique ou morale, et notamment de CNR, en \u00e9vitant toute mention, message ou texte diffamant, provocant, malveillant, d\u00e9nigrant ou mena\u00e7ant sur quelque support que ce soit.<\/p>\n<p>&nbsp;<\/p>\n<h2>RESPECT DES DROITS DE PROPRI\u00c9T\u00c9 INTELLECTUELLE<\/h2>\n<p>&nbsp;<\/p>\n<p>La structure g\u00e9n\u00e9rale, ainsi que les logiciels, textes, bases de donn\u00e9es, images anim\u00e9es ou non, sons, savoir-faire, et tous les autres \u00e9l\u00e9ments composant le site web <a href=\"https:\/\/cnr.etcompagnie-le-lab.fr\/\">cnr-louloutelaloutre.fr<\/a> sont la propri\u00e9t\u00e9 exclusive de CNR ou de ses partenaires. Toute repr\u00e9sentation totale ou partielle de ce site par quelque proc\u00e9d\u00e9 que ce soit, sans l&rsquo;autorisation expresse de CNR est interdite et constituerait une contrefa\u00e7on sanctionn\u00e9e, notamment de fa\u00e7on p\u00e9nale, par les articles L. 335-2 et suivants du Code de la propri\u00e9t\u00e9 intellectuelle. De m\u00eame les marques et autres signes distinctifs tels que logos figurant sur le site sont la propri\u00e9t\u00e9 de CNR ou de ses partenaires et toute utilisation par des tiers non autoris\u00e9s en est strictement interdite. Toute reproduction totale ou partielle de ces marques ou logos sans l&rsquo;autorisation expresse de CNR est donc prohib\u00e9e, quel que soit le cadre et le support utilis\u00e9s pour cette utilisation, et passible de sanctions, notamment p\u00e9nales, comme pr\u00e9vu par les articles L. 716-1 et suivants du Code de la propri\u00e9t\u00e9 intellectuelle.<\/p>\n<p>&nbsp;<\/p>\n<h2>LIENS HYPERTEXTES<\/h2>\n<p>&nbsp;<\/p>\n<p>Les liens hypertextes mis en place dans le cadre du site web en direction d&rsquo;autres ressources pr\u00e9sentes sur le r\u00e9seau internet, et notamment vers les partenaires de CNR, ont fait l&rsquo;objet d&rsquo;une autorisation pr\u00e9alablement, expresse et \u00e9crite. Les utilisateurs et visiteurs du site web ne peuvent pas mettre en place un hyperlien en direction du site web <a href=\"https:\/\/cnr.etcompagnie-le-lab.fr\/\">cnr-louloutelaloutre.fr<\/a> sans l&rsquo;autorisation \u00e9crite, expresse et pr\u00e9alable de CNR.[\/vc_column_text][\/qode_elements_holder_item][\/qode_elements_holder][\/vc_column][\/vc_row]<\/p>\n<\/div>","protected":false},"excerpt":{"rendered":"<p>[vc_row css_animation=\u00a0\u00bb\u00a0\u00bb row_type=\u00a0\u00bbrow\u00a0\u00bb use_row_as_full_screen_section=\u00a0\u00bbno\u00a0\u00bb type=\u00a0\u00bbgrid\u00a0\u00bb angled_section=\u00a0\u00bbno\u00a0\u00bb text_align=\u00a0\u00bbcenter\u00a0\u00bb background_image_as_pattern=\u00a0\u00bbwithout_pattern\u00a0\u00bb z_index=\u00a0\u00bb\u00a0\u00bb css=\u00a0\u00bb.vc_custom_1516977299669{padding-top: 175px !important;padding-bottom: 50px !important;}\u00a0\u00bb][vc_column][qode_elements_holder number_of_columns=\u00a0\u00bbone_column\u00a0\u00bb][qode_elements_holder_item vertical_alignment=\u00a0\u00bbmiddle\u00a0\u00bb horizontal_alignment=\u00a0\u00bbleft\u00a0\u00bb advanced_animations=\u00a0\u00bbno\u00a0\u00bb item_padding=\u00a0\u00bb0px 2%\u00a0\u00bb item_padding_1280_1440=\u00a0\u00bb0px 27%\u00a0\u00bb item_padding_1024_1280=\u00a0\u00bb0px 27%\u00a0\u00bb item_padding_768_1024=\u00a0\u00bb0px 24%\u00a0\u00bb item_padding_600_768=\u00a0\u00bb0px 11%\u00a0\u00bb item_padding_480_600=\u00a0\u00bb0px\u00a0\u00bb item_padding_480=\u00a0\u00bb0px\u00a0\u00bb][vc_column_text] Mentions l\u00e9gales [\/vc_column_text][vc_empty_space height=\u00a0\u00bb26px\u00a0\u00bb][vc_column_text]Bienvenue sur le site web cnr-louloutelaloutre.fr (ci-apr\u00e8s d\u00e9sign\u00e9 le Site). En utilisant&#8230;<\/p>\n","protected":false},"author":1,"featured_media":0,"parent":0,"menu_order":0,"comment_status":"closed","ping_status":"closed","template":"","meta":{"footnotes":""},"class_list":["post-147","page","type-page","status-publish","hentry"],"yoast_head":"<!-- This site is optimized with the Yoast SEO plugin v25.2 - https:\/\/yoast.com\/wordpress\/plugins\/seo\/ -->\n<title>Mentions l\u00e9gales - CNR louloute<\/title>\n<meta name=\"robots\" content=\"index, follow, max-snippet:-1, max-image-preview:large, max-video-preview:-1\" \/>\n<link rel=\"canonical\" href=\"https:\/\/cnr.etcompagnie-le-lab.fr\/index.php\/mentions-legales\/\" \/>\n<meta property=\"og:locale\" content=\"fr_FR\" \/>\n<meta property=\"og:type\" content=\"article\" \/>\n<meta property=\"og:title\" content=\"Mentions l\u00e9gales - CNR louloute\" \/>\n<meta property=\"og:description\" content=\"[vc_row css_animation=\u00a0\u00bb\u00a0\u00bb row_type=\u00a0\u00bbrow\u00a0\u00bb use_row_as_full_screen_section=\u00a0\u00bbno\u00a0\u00bb type=\u00a0\u00bbgrid\u00a0\u00bb angled_section=\u00a0\u00bbno\u00a0\u00bb text_align=\u00a0\u00bbcenter\u00a0\u00bb background_image_as_pattern=\u00a0\u00bbwithout_pattern\u00a0\u00bb z_index=\u00a0\u00bb\u00a0\u00bb css=\u00a0\u00bb.vc_custom_1516977299669{padding-top: 175px !important;padding-bottom: 50px !important;}\u00a0\u00bb][vc_column][qode_elements_holder number_of_columns=\u00a0\u00bbone_column\u00a0\u00bb][qode_elements_holder_item vertical_alignment=\u00a0\u00bbmiddle\u00a0\u00bb horizontal_alignment=\u00a0\u00bbleft\u00a0\u00bb advanced_animations=\u00a0\u00bbno\u00a0\u00bb item_padding=\u00a0\u00bb0px 2%\u00a0\u00bb item_padding_1280_1440=\u00a0\u00bb0px 27%\u00a0\u00bb item_padding_1024_1280=\u00a0\u00bb0px 27%\u00a0\u00bb item_padding_768_1024=\u00a0\u00bb0px 24%\u00a0\u00bb item_padding_600_768=\u00a0\u00bb0px 11%\u00a0\u00bb item_padding_480_600=\u00a0\u00bb0px\u00a0\u00bb item_padding_480=\u00a0\u00bb0px\u00a0\u00bb][vc_column_text] Mentions l\u00e9gales [\/vc_column_text][vc_empty_space height=\u00a0\u00bb26px\u00a0\u00bb][vc_column_text]Bienvenue sur le site web cnr-louloutelaloutre.fr (ci-apr\u00e8s d\u00e9sign\u00e9 le Site). En utilisant...\" \/>\n<meta property=\"og:url\" content=\"https:\/\/cnr.etcompagnie-le-lab.fr\/index.php\/mentions-legales\/\" \/>\n<meta property=\"og:site_name\" content=\"CNR louloute\" \/>\n<meta property=\"article:modified_time\" content=\"2022-06-21T14:07:20+00:00\" \/>\n<meta name=\"twitter:card\" content=\"summary_large_image\" \/>\n<meta name=\"twitter:label1\" content=\"Dur\u00e9e de lecture estim\u00e9e\" \/>\n\t<meta name=\"twitter:data1\" content=\"8 minutes\" \/>\n<script type=\"application\/ld+json\" class=\"yoast-schema-graph\">{\"@context\":\"https:\/\/schema.org\",\"@graph\":[{\"@type\":\"WebPage\",\"@id\":\"https:\/\/cnr.etcompagnie-le-lab.fr\/index.php\/mentions-legales\/\",\"url\":\"https:\/\/cnr.etcompagnie-le-lab.fr\/index.php\/mentions-legales\/\",\"name\":\"Mentions l\u00e9gales - CNR louloute\",\"isPartOf\":{\"@id\":\"https:\/\/cnr.etcompagnie-le-lab.fr\/#website\"},\"datePublished\":\"2022-06-21T14:01:58+00:00\",\"dateModified\":\"2022-06-21T14:07:20+00:00\",\"breadcrumb\":{\"@id\":\"https:\/\/cnr.etcompagnie-le-lab.fr\/index.php\/mentions-legales\/#breadcrumb\"},\"inLanguage\":\"fr-FR\",\"potentialAction\":[{\"@type\":\"ReadAction\",\"target\":[\"https:\/\/cnr.etcompagnie-le-lab.fr\/index.php\/mentions-legales\/\"]}]},{\"@type\":\"BreadcrumbList\",\"@id\":\"https:\/\/cnr.etcompagnie-le-lab.fr\/index.php\/mentions-legales\/#breadcrumb\",\"itemListElement\":[{\"@type\":\"ListItem\",\"position\":1,\"name\":\"Accueil\",\"item\":\"https:\/\/cnr.etcompagnie-le-lab.fr\/\"},{\"@type\":\"ListItem\",\"position\":2,\"name\":\"Mentions l\u00e9gales\"}]},{\"@type\":\"WebSite\",\"@id\":\"https:\/\/cnr.etcompagnie-le-lab.fr\/#website\",\"url\":\"https:\/\/cnr.etcompagnie-le-lab.fr\/\",\"name\":\"CNR louloute la loutre\",\"description\":\"Louloute La loutre | Les loisirs au fil de l&#039;eau\",\"publisher\":{\"@id\":\"https:\/\/cnr.etcompagnie-le-lab.fr\/#organization\"},\"potentialAction\":[{\"@type\":\"SearchAction\",\"target\":{\"@type\":\"EntryPoint\",\"urlTemplate\":\"https:\/\/cnr.etcompagnie-le-lab.fr\/?s={search_term_string}\"},\"query-input\":{\"@type\":\"PropertyValueSpecification\",\"valueRequired\":true,\"valueName\":\"search_term_string\"}}],\"inLanguage\":\"fr-FR\"},{\"@type\":\"Organization\",\"@id\":\"https:\/\/cnr.etcompagnie-le-lab.fr\/#organization\",\"name\":\"CNR\",\"url\":\"https:\/\/cnr.etcompagnie-le-lab.fr\/\",\"logo\":{\"@type\":\"ImageObject\",\"inLanguage\":\"fr-FR\",\"@id\":\"https:\/\/cnr.etcompagnie-le-lab.fr\/#\/schema\/logo\/image\/\",\"url\":\"https:\/\/www.cnr-louloutelaloutre.fr\/wp-content\/uploads\/2022\/07\/logo-cnr-sans-bulle.png\",\"contentUrl\":\"https:\/\/www.cnr-louloutelaloutre.fr\/wp-content\/uploads\/2022\/07\/logo-cnr-sans-bulle.png\",\"width\":471,\"height\":203,\"caption\":\"CNR\"},\"image\":{\"@id\":\"https:\/\/cnr.etcompagnie-le-lab.fr\/#\/schema\/logo\/image\/\"}}]}<\/script>\n<!-- \/ Yoast SEO plugin. -->","yoast_head_json":{"title":"Mentions l\u00e9gales - CNR louloute","robots":{"index":"index","follow":"follow","max-snippet":"max-snippet:-1","max-image-preview":"max-image-preview:large","max-video-preview":"max-video-preview:-1"},"canonical":"https:\/\/cnr.etcompagnie-le-lab.fr\/index.php\/mentions-legales\/","og_locale":"fr_FR","og_type":"article","og_title":"Mentions l\u00e9gales - CNR louloute","og_description":"[vc_row css_animation=\u00a0\u00bb\u00a0\u00bb row_type=\u00a0\u00bbrow\u00a0\u00bb use_row_as_full_screen_section=\u00a0\u00bbno\u00a0\u00bb type=\u00a0\u00bbgrid\u00a0\u00bb angled_section=\u00a0\u00bbno\u00a0\u00bb text_align=\u00a0\u00bbcenter\u00a0\u00bb background_image_as_pattern=\u00a0\u00bbwithout_pattern\u00a0\u00bb z_index=\u00a0\u00bb\u00a0\u00bb css=\u00a0\u00bb.vc_custom_1516977299669{padding-top: 175px !important;padding-bottom: 50px !important;}\u00a0\u00bb][vc_column][qode_elements_holder number_of_columns=\u00a0\u00bbone_column\u00a0\u00bb][qode_elements_holder_item vertical_alignment=\u00a0\u00bbmiddle\u00a0\u00bb horizontal_alignment=\u00a0\u00bbleft\u00a0\u00bb advanced_animations=\u00a0\u00bbno\u00a0\u00bb item_padding=\u00a0\u00bb0px 2%\u00a0\u00bb item_padding_1280_1440=\u00a0\u00bb0px 27%\u00a0\u00bb item_padding_1024_1280=\u00a0\u00bb0px 27%\u00a0\u00bb item_padding_768_1024=\u00a0\u00bb0px 24%\u00a0\u00bb item_padding_600_768=\u00a0\u00bb0px 11%\u00a0\u00bb item_padding_480_600=\u00a0\u00bb0px\u00a0\u00bb item_padding_480=\u00a0\u00bb0px\u00a0\u00bb][vc_column_text] Mentions l\u00e9gales [\/vc_column_text][vc_empty_space height=\u00a0\u00bb26px\u00a0\u00bb][vc_column_text]Bienvenue sur le site web cnr-louloutelaloutre.fr (ci-apr\u00e8s d\u00e9sign\u00e9 le Site). En utilisant...","og_url":"https:\/\/cnr.etcompagnie-le-lab.fr\/index.php\/mentions-legales\/","og_site_name":"CNR louloute","article_modified_time":"2022-06-21T14:07:20+00:00","twitter_card":"summary_large_image","twitter_misc":{"Dur\u00e9e de lecture estim\u00e9e":"8 minutes"},"schema":{"@context":"https:\/\/schema.org","@graph":[{"@type":"WebPage","@id":"https:\/\/cnr.etcompagnie-le-lab.fr\/index.php\/mentions-legales\/","url":"https:\/\/cnr.etcompagnie-le-lab.fr\/index.php\/mentions-legales\/","name":"Mentions l\u00e9gales - CNR louloute","isPartOf":{"@id":"https:\/\/cnr.etcompagnie-le-lab.fr\/#website"},"datePublished":"2022-06-21T14:01:58+00:00","dateModified":"2022-06-21T14:07:20+00:00","breadcrumb":{"@id":"https:\/\/cnr.etcompagnie-le-lab.fr\/index.php\/mentions-legales\/#breadcrumb"},"inLanguage":"fr-FR","potentialAction":[{"@type":"ReadAction","target":["https:\/\/cnr.etcompagnie-le-lab.fr\/index.php\/mentions-legales\/"]}]},{"@type":"BreadcrumbList","@id":"https:\/\/cnr.etcompagnie-le-lab.fr\/index.php\/mentions-legales\/#breadcrumb","itemListElement":[{"@type":"ListItem","position":1,"name":"Accueil","item":"https:\/\/cnr.etcompagnie-le-lab.fr\/"},{"@type":"ListItem","position":2,"name":"Mentions l\u00e9gales"}]},{"@type":"WebSite","@id":"https:\/\/cnr.etcompagnie-le-lab.fr\/#website","url":"https:\/\/cnr.etcompagnie-le-lab.fr\/","name":"CNR louloute la loutre","description":"Louloute La loutre | Les loisirs au fil de l&#039;eau","publisher":{"@id":"https:\/\/cnr.etcompagnie-le-lab.fr\/#organization"},"potentialAction":[{"@type":"SearchAction","target":{"@type":"EntryPoint","urlTemplate":"https:\/\/cnr.etcompagnie-le-lab.fr\/?s={search_term_string}"},"query-input":{"@type":"PropertyValueSpecification","valueRequired":true,"valueName":"search_term_string"}}],"inLanguage":"fr-FR"},{"@type":"Organization","@id":"https:\/\/cnr.etcompagnie-le-lab.fr\/#organization","name":"CNR","url":"https:\/\/cnr.etcompagnie-le-lab.fr\/","logo":{"@type":"ImageObject","inLanguage":"fr-FR","@id":"https:\/\/cnr.etcompagnie-le-lab.fr\/#\/schema\/logo\/image\/","url":"https:\/\/www.cnr-louloutelaloutre.fr\/wp-content\/uploads\/2022\/07\/logo-cnr-sans-bulle.png","contentUrl":"https:\/\/www.cnr-louloutelaloutre.fr\/wp-content\/uploads\/2022\/07\/logo-cnr-sans-bulle.png","width":471,"height":203,"caption":"CNR"},"image":{"@id":"https:\/\/cnr.etcompagnie-le-lab.fr\/#\/schema\/logo\/image\/"}}]}},"_links":{"self":[{"href":"https:\/\/cnr.etcompagnie-le-lab.fr\/index.php\/wp-json\/wp\/v2\/pages\/147","targetHints":{"allow":["GET"]}}],"collection":[{"href":"https:\/\/cnr.etcompagnie-le-lab.fr\/index.php\/wp-json\/wp\/v2\/pages"}],"about":[{"href":"https:\/\/cnr.etcompagnie-le-lab.fr\/index.php\/wp-json\/wp\/v2\/types\/page"}],"author":[{"embeddable":true,"href":"https:\/\/cnr.etcompagnie-le-lab.fr\/index.php\/wp-json\/wp\/v2\/users\/1"}],"replies":[{"embeddable":true,"href":"https:\/\/cnr.etcompagnie-le-lab.fr\/index.php\/wp-json\/wp\/v2\/comments?post=147"}],"version-history":[{"count":5,"href":"https:\/\/cnr.etcompagnie-le-lab.fr\/index.php\/wp-json\/wp\/v2\/pages\/147\/revisions"}],"predecessor-version":[{"id":150,"href":"https:\/\/cnr.etcompagnie-le-lab.fr\/index.php\/wp-json\/wp\/v2\/pages\/147\/revisions\/150"}],"wp:attachment":[{"href":"https:\/\/cnr.etcompagnie-le-lab.fr\/index.php\/wp-json\/wp\/v2\/media?parent=147"}],"curies":[{"name":"wp","href":"https:\/\/api.w.org\/{rel}","templated":true}]}}